e 280?
True
Is 63 a multiple of 3?
True
Is 4 a factor of 3488?
True
Is 22369 a multiple of 52?
False
Is 3619 a multiple of 77?
True
Does 5 divide 341?
False
Is 17 a factor of 13572?
False
Is 2607 a multiple of 3?
True
Does 17 divide 17?
True
Is 460 a multiple of 47?
False
Does 53 divide 12518?
False
Does 27 divide 17189?
False
Is 43 a factor of 860?
True
Is 1404 a multiple of 26?
True
Is 100698 a multiple of 13?
True
Is 38 a factor of 8808?
False
Is 4632 a multiple of 26?
False
Is 1735 a multiple of 36?
False
Is 828 a multiple of 10?
False
Is 6 a factor of 25595?
False
Is 335 a multiple of 10?
False
Does 19 divide 20216?
True
Is 7497 a multiple of 17?
True
Is 36 a factor of 2232?
True
Does 23 divide 2254?
True
Is 65 a factor of 2292?
False
Is 4860 a multiple of 87?
False
Is 22 a factor of 899?
False
Is 48 a factor of 11808?
True
Does 25 divide 481?
False
Is 205 a factor of 73045?
False
Is 146 a multiple of 37?
False
Does 12 divide 44448?
True
Does 17 divide 323?
True
Is 8524 a multiple of 51?
False
Is 2472 a multiple of 12?
True
Is 59 a factor of 708?
True
Is 14 a factor of 17168?
False
Does 18 divide 19818?
True
Does 3 divide 498?
True
Is 1445 a multiple of 85?
True
Is 8 a factor of 480?
True
Is 48 a factor of 48?
True
Does 67 divide 2136?
False
Is 35274 a multiple of 27?
False
Does 86 divide 4386?
True
Does 12 divide 13564?
False
Does 24 divide 438?
False
Does 21 divide 1983?
False
Does 30 divide 3840?
True
Is 3819 a multiple of 15?
False
Does 6 divide 3690?
True
Does 22 divide 790?
False
Does 60 divide 1560?
True
Does 6 divide 3366?
True
Does 29 divide 3045?
True
Is 6 a factor of 2064?
True
Does 19 divide 72?
False
Does 5 divide 551?
False
Is 68 a factor of 680?
True
Does 76 divide 1140?
True
Is 8475 a multiple of 2?
False
Does 83 divide 8470?
False
Does 11 divide 2862?
False
Is 40 a factor of 1204?
False
Is 455 a multiple of 35?
True
Is 1221 a multiple of 37?
True
Is 20 a factor of 8320?
True
Does 9 divide 196?
False
Is 26 a factor of 103402?
True
Does 12 divide 1860?
True
Is 34755 a multiple of 7?
True
Is 15 a factor of 393?
False
Is 23 a factor of 414?
True
Is 1708 a multiple of 61?
True
Is 425 even?
False
Is 38 a factor of 233?
False
Is 51 a factor of 358?
False
Is 3480 a multiple of 20?
True
Is 75 a factor of 2250?
True
Is 2 a factor of 84?
True
Is 8 a factor of 3002?
False
Does 47 divide 99343?
False
Is 3 a factor of 49341?
True
Is 16 a factor of 87?
False
Does 220 divide 11660?
True
Is 17 a factor of 528?
False
Is 62271 a multiple of 111?
True
Is 38855 a multiple of 6?
False
Is 870 a multiple of 29?
True
Is 1457 a multiple of 27?
False
Is 3024 a multiple of 6?
True
Is 54 a factor of 1265?
False
Does 309 divide 39623?
False
Is 17 a factor of 1309?
True
Is 6700 a multiple of 305?
False
Is 78 a factor of 461?
False
Does 21 divide 819?
True
Is 37620 a multiple of 22?
True
Is 8372 a multiple of 322?
True
Is 434 a multiple of 31?
True
Is 4288 a multiple of 268?
True
Is 6413 a multiple of 116?
False
Is 43 a factor of 48125?
False
Does 5 divide 1720?
True
Does 7 divide 638?
False
Does 62 divide 94426?
True
Is 10 a multiple of 9?
False
Is 39 a factor of 2847?
True
Is 5502 a multiple of 131?
True
Is 577 a multiple of 63?
False
Is 66 a factor of 660?
True
Is 3775 a multiple of 5?
True
Does 23 divide 38732?
True
Is 2605 a multiple of 74?
False
Is 66 a factor of 17358?
True
Is 884 a multiple of 8?
False
Is 84 a multiple of 44?
False
Is 18 a factor of 756?
True
Is 84 a factor of 7623?
False
Is 2030 a multiple of 14?
True
Is 3220 a multiple of 35?
True
Does 11 divide 943?
False
Is 29 a factor of 522?
True
Does 135 divide 34830?
True
Is 194992 a multiple of 15?
False
Does 9 divide 585?
True
Is 3 a factor of 18?
True
Does 10 divide 730?
True
Is 10 a factor of 1093?
False
Does 143 divide 5434?
True
Is 657 a multiple of 9?
True
Does 17 divide 128401?
True
Does 20 divide 392?
False
Does 7 divide 31249?
False
Is 14078 a multiple of 16?
False
Is 10522 a multiple of 11?
False
Is 27199 a multiple of 12?
False
Is 62 a factor of 1798?
True
Is 89952 a multiple of 100?
False
Does 13 divide 2145?
True
Does 23 divide 6630?
False
Does 199 divide 17444?
False
Is 61 a factor of 1159?
True
Is 11600 a multiple of 10?
True
Is 1663 a multiple of 17?
False
Is 87097 a multiple of 347?
True
Does 13 divide 624?
True
Does 21 divide 9536?
False
Is 98 a factor of 41454?
True
Is 11 a factor of 158?
False
Is 580 a multiple of 4?
True
Does 47 divide 16258?
False
Is 441 a multiple of 21?
True
Is 29543 a multiple of 4?
False
Is 1250 a multiple of 26?
False
Is 57 a factor of 399?
True
Does 63 divide 29358?
True
Does 6 divide 66597?
False
Is 46 a factor of 5474?
True
Is 272 even?
True
Does 58 divide 4234?
True
Does 8 divide 2512?
True
Does 18 divide 6722?
False
Is 360 a multiple of 40?
True
Is 2751 a multiple of 131?
True
Is 17 a factor of 493?
True
Is 120 a factor of 13200?
True
Is 62413 a multiple of 83?
False
Is 114 a factor of 5016?
True
Is 10 a factor of 42980?
True
Is 16 a factor of 3884?
False
Does 21 divide 168?
True
Is 18 a factor of 7575?
False
Is 35840 a multiple of 70?
True
Is 84546 a multiple of 93?
False
Is 2160 a multiple of 57?
False
Is 1152 a multiple of 18?
True
Is 10800 a multiple of 150?
True
Is 2814 a multiple of 21?
True
Is 1222 a multiple of 94?
True
Does 17 divide 26937?
False
Is 3509 a multiple of 24?
False
Is 1164 a multiple of 3?
True
Does 37 divide 22977?
True
Is 23 a factor of 18952?
True
Does 26 divide 27?
False
Is 3628 a multiple of 38?
False
Is 46 a factor of 598?
True
Does 23 divide 70082?
False
Is 517 a multiple of 15?
False
Does 18 divide 15957?
False
Is 7 a factor of 574?
True
Is 29 a factor of 174?
True
Is 2440 a multiple of 61?
True
Does 6 divide 456?
True
Does 5 divide 49065?
True
Does 19 divide 418?
True
Is 21 a multiple of 7?
True
Is 73 a factor of 15768?
True
Is 101 a multiple of 9?
False
Is 77616 a multiple of 16?
True
Does 3 divide 79?
False
Is 3985 a multiple of 88?
False
Does 37 divide 493?
False
Is 6494 a multiple of 17?
True
Does 12 divide 39054?
False
Is 35 a factor of 4496?
False
Does 20 divide 1220?
True
Is 107 a factor of 8453?
True
Is 1920 a multiple of 64?
True
Is 11762 a multiple of 94?
False
Is 2280 a multiple of 95?
True
Is 8 a factor of 8237?
False
Does 10 divide 14230?
True
Is 9724 a multiple of 26?
True
Is 600 a multiple of 24?
True
Is 7 a factor of 35924?
True
Is 10298 a multiple of 19?
True
Is 512 a multiple of 16?
True
Does 8 divide 336?
True
Does 7 divide 6623?
False
Is 163 a multiple of 74?
False
Is 1161 a multiple of 129?
True
Is 3 a factor of 3063?
True
Does 47 divide 4324?
True
Is 597 a multiple of 48?
False
Is 49 a factor of 3426?
False
Is 1792 a multiple of 23?
False
Is 3629 a multiple of 133?
False
Is 61 a factor of 1997?
False
Does 26 divide 757?
False
Is 61 a factor of 43295?
False
Is 2326 a multiple of 98?
False
Is 64 a multiple of 3?
False
Does 14 divide 73262?
True
Does 39 divide 16176?
False
Is 72842 a multiple of 11?
True
Is 1128 a multiple of 5?
False
Is 306 a multiple of 7?
False
Does 8 divide 240?
True
Is 208 a multiple of 13?
True
Does 9 divide 621?
True
Is 5 a factor of 25?
True
Does 432 divide 146880?
True
Does 194 divide 14162?
True
Is 42 a factor of 336?
True
Is 22 a factor of 30448?
True
Is 26 a factor of 26598?
True
Is 46 a factor of 1466?
False
Is 11 a factor of 11924?
True
Does 71 divide 17040?
True
Is 29 a factor of 260?
False
Does 32 divide 448?
True
Does 17 divide 5677?
False
Is 26 a factor of 5798?
True
Does 92 divide 934?
False
Is 33 a factor of 43863?
False
Is 35936 a multiple of 16?
True
Is 2 a factor of 86?
True
Is 154 a factor of 35112?
True
Is 8055 a multiple of 15?
True
Is 91 a factor of 36309?
True
Is 146 a factor of 135289?
False
Is 81 a factor of 4698?
True
Does 31 divide 1596?
False
Does 6 divide 1266?
True
Is 127 a multiple of 127?
True
Does 76 divide 3724?
True
Does 48 divide 720?
True
Does 3 divide 2643?
True
Does 12 divide 3348?
True
Is 529 a multiple of 23?
True
Is 25 a factor of 7631?
False
Is 6 a factor of 348?
True
Does 117 divide 766?
False
Is 24 a factor of 7416?
True
Does 9 divide 6840?
True
Is 13 a factor of 5876?
True
Is 112 a factor of 1178?
False
Is 32 a factor of 9612?
False
Does 15 divide 74370?
True
Is 12 a factor of 11738?
False
Does 13 divide 2327?
True
Is